{"id":12754,"date":"2024-03-10T21:51:39","date_gmt":"2024-03-10T19:51:39","guid":{"rendered":"http:\/\/ftf.gdu.edu.az\/?page_id=12754"},"modified":"2025-06-02T07:48:58","modified_gmt":"2025-06-02T05:48:58","slug":"m%c9%99h%c9%99rr%c9%99mov-%c9%99bulf%c9%99t-pasa-oglu-2","status":"publish","type":"page","link":"http:\/\/ftf.gdu.edu.az\/?page_id=12754","title":{"rendered":"M\u0259h\u0259rr\u0259mov \u018fb\u00fclf\u0259t Pa\u015fa o\u011flu"},"content":{"rendered":"\n<figure class=\"wp-block-image size-full is-resized\"><img loading=\"lazy\" decoding=\"async\" width=\"274\" height=\"365\" src=\"http:\/\/ftf.gdu.edu.az\/wp-content\/uploads\/2024\/03\/abulfat.jpg\" alt=\"\" class=\"wp-image-12816\" style=\"width:229px;height:auto\"\/><\/figure>\n\n\n\n<p>GDU-nun T\u0259sviri inc\u0259s\u0259n\u0259t kafedras\u0131n\u0131n ba\u015f m\u00fc\u0259llimi<\/p>\n\n\n\n<p>Tel; 099&nbsp;368 88 20<\/p>\n\n\n\n<p>&nbsp;abulfat61@mail .ru.<\/p>\n\n\n\n<p>&nbsp;04.05.1961-ci ild\u0259 Az\u0259rbaycan Respublikas\u0131n\u0131n Da\u015fk\u0259s\u0259n \u015f\u0259h\u0259rind\u0259 anadan olmu\u015fam. Orta \u00fcmumt\u0259hsil m\u0259kt\u0259bini bitirdikd\u0259n sonra 1981-ci ild\u0259 M. G\u0259nc\u0259vi ad\u0131na Pedaqoji m\u0259kt\u0259bi (haz\u0131rk\u0131 G\u0259nc\u0259 Humanitar Kolleci) R\u0259sm v\u0259 r\u0259smx\u0259t ixtisas\u0131 \u00fczr\u0259&nbsp; \u201c F\u0259rql\u0259nm\u0259\u201d diplomu il\u0259 bitirmi\u015f\u0259m.<\/p>\n\n\n\n<p>1981-ci ild\u0259 V.\u0130. &nbsp;Leninad\u0131na ADP\u0130-nin (hazrk\u0131&nbsp; Az\u0259rbaycan D\u00f6vl\u0259t Pedaqoji Universiteti) \u201cB\u0259dii qrafika\u201d fak\u00fclt\u0259sin\u0259 daxil olmu\u015f, 1986- c\u0131 ild\u0259 h\u0259min t\u0259hsil m\u00fc\u0259ssis\u0259sini m\u00fcv\u0259ff\u0259qiyy\u0259tl\u0259 bitir\u0259r\u0259k r\u0259sm, r\u0259smx\u0259t v\u0259 \u0259m\u0259k t\u0259limi ixtisas\u0131na yiy\u0259l\u0259nmi\u015f\u0259m.<\/p>\n\n\n\n<p>1986-c\u0131 ild\u0259 A\u011fda\u015f rayonunda ixtisas\u0131m \u00fczr\u0259 m\u00fc\u0259llim v\u0259zif\u0259sind\u0259 i\u015fl\u0259mi\u015f\u0259m. 1986-1988-ci ill\u0259r \u0259rzind\u0259 h\u0259rbi xidm\u0259td\u0259 olmu\u015fam. H\u0259rbi xidm\u0259ti bitirdikd\u0259n sonra G\u0259nc\u0259 \u00e7ini qablar zavodunda \u201cnax\u0131\u015f\u00e7\u0131 r\u0259ssam\u201d v\u0259zif\u0259sind\u0259 i\u015fl\u0259mi\u015f\u0259m.<\/p>\n\n\n\n<p>1988-ci ilin sentyabr ay\u0131ndan 1989-cu ilin oktyabr ay\u0131na kimi G\u0259nc\u0259 \u015f\u0259h\u0259rinin 41-sayl\u0131 orta m\u0259kt\u0259bind\u0259 ixtisas\u0131m \u00fczr\u0259 m\u00fc\u0259llim v\u0259zif\u0259sind\u0259 i\u015fl\u0259mi\u015f\u0259m.&nbsp; Eyni zamanda h\u0259min d\u00f6vrd\u0259 hz\u0131rk\u0131 G\u0259nc\u0259 D\u00f6vl\u0259t Universiteind\u0259 \u201c\u0130btidai t\u0259lim metodikas\u0131 \u201ckafedras\u0131nda saat hesab\u0131 il\u0259 t\u0259sviri inc\u0259s\u0259n\u0259t m\u00fc\u0259llimi i\u015fl\u0259mi\u015f\u0259m. 1989-cu ilin oktyabr ay\u0131nda m\u00fcsabiq\u0259 yolu il\u0259 \u201c\u0130btidai t\u0259lim metodikas\u0131\u201d kafedras\u0131na t\u0259sviri inc\u0259s\u0259n\u0259t m\u00fc\u0259llimi se\u00e7ilmi\u015f\u0259m.<\/p>\n\n\n\n<p>Hal \u2013haz\u0131rda G\u0259nc\u0259 D\u00f6vl\u0259t Universitetinin T\u0259sviri inc\u0259s\u0259n\u0259t kafedras\u0131nda ba\u015f m\u00fc\u0259llim v\u0259zif\u0259sind\u0259 i\u015fl\u0259yir\u0259m. \u018fm\u0259k f\u0259aliyy\u0259tmim 37 i\u0131.<\/p>\n\n\n\n<p>2010 \u2013cu ild\u0259 Az\u0259rbaycan Respublikas\u0131 T\u0259hsil Nazirliyi kollegiyas\u0131n\u0131n<\/p>\n\n\n\n<p>T-343 \u2116 li q\u0259rar\u0131 il\u0259&nbsp; \u201cY\u00fcks\u0259k ixtisasl\u0131 kadrlar\u0131n haz\u0131rlanmas\u0131 sah\u0259sind\u0259 s\u0259m\u0259r\u0259li f\u0259aliyy\u0259tim\u0259 g\u00f6r\u0259\u201d T\u0259hsi Nazirliyinin&nbsp; F\u0259xri f\u0259rman\u0131na layiq g\u00f6r\u00fclm\u00fc\u015f\u0259m.&nbsp;&nbsp;<\/p>\n\n\n\n<p>2018 ci &#8211; ld\u0259 Az\u0259rbaycan Respublikas\u0131 T\u0259hsil Nazirliynin K-1132 n\u00f6mr\u0259li \u0259mri il\u0259 \u201cAz\u0259rbaycan Respublikas\u0131 qabaqc\u0131l t\u0259hsil i\u015f\u00e7isi\u201d d\u00f6\u015f ni\u015fan\u0131 il\u0259 t\u0259ltif edilmi\u015f\u0259m.<\/p>\n\n\n\n<p>\u015e\u0259h\u0259r v\u0259 Respublika s\u0259rgil\u0259rinin f\u0259al i\u015ftirak\u00e7\u0131s\u0131 olmu\u015fam. H\u0259min s\u0259rgil\u0259rd\u0259n f\u0259xri f\u0259rman v\u0259 sertifikatlar alm\u0131\u015fam.<\/p>\n\n\n\n<p>&nbsp;M\u00fcxt\u0259lif ill\u0259rd\u0259 &#8211; elmi jurnallarda&nbsp; m\u0259qal\u0259 sayi 36,&nbsp; f\u0259nn proqram\u0131 6<\/p>\n\n\n\n<p>(Beyn\u0259lxalq elmi konfranslardan m\u00fcxt\u0259lif ill\u0259rd\u0259 f\u0259xri f\u0259rmanlar v\u0259 sertifikatlar alm\u0131\u015fam)<\/p>\n\n\n\n<p>&nbsp;&nbsp; Xarici dil bilgisi: \u2013Rus dili<\/p>\n\n\n\n<p>&nbsp; M\u0259nsub oldu\u011fu partiya : YAP<\/p>\n","protected":false},"excerpt":{"rendered":"<p>GDU-nun T\u0259sviri inc\u0259s\u0259n\u0259t kafedras\u0131n\u0131n ba\u015f m\u00fc\u0259llimi Tel; 099&nbsp;368 88 20 &nbsp;abulfat61@mail .ru. &nbsp;04.05.1961-ci ild\u0259 Az\u0259rbaycan Respublikas\u0131n\u0131n Da\u015fk\u0259s\u0259n \u015f\u0259h\u0259rind\u0259 anadan olmu\u015fam. Orta \u00fcmumt\u0259hsil m\u0259kt\u0259bini bitirdikd\u0259n sonra 1981-ci ild\u0259 M. G\u0259nc\u0259vi ad\u0131na Pedaqoji m\u0259kt\u0259bi (haz\u0131rk\u0131 G\u0259nc\u0259 Humanitar Kolleci) R\u0259sm v\u0259 r\u0259smx\u0259t ixtisas\u0131 \u00fczr\u0259&nbsp; \u201c F\u0259rql\u0259nm\u0259\u201d diplomu il\u0259 bitirmi\u015f\u0259m. 1981-ci ild\u0259 V.\u0130. &nbsp;Leninad\u0131na ADP\u0130-nin (hazrk\u0131&nbsp; Az\u0259rbaycan D\u00f6vl\u0259t Pedaqoji<\/p>\n<p><a href=\"http:\/\/ftf.gdu.edu.az\/?page_id=12754\" class=\"more-link themebutton\">Daha \u0259trafl\u0131 <\/a><\/p>\n","protected":false},"author":3,"featured_media":0,"parent":0,"menu_order":0,"comment_status":"closed","ping_status":"closed","template":"","meta":{"footnotes":""},"class_list":["post-12754","page","type-page","status-publish","hentry"],"_links":{"self":[{"href":"http:\/\/ftf.gdu.edu.az\/index.php?rest_route=\/wp\/v2\/pages\/12754"}],"collection":[{"href":"http:\/\/ftf.gdu.edu.az\/index.php?rest_route=\/wp\/v2\/pages"}],"about":[{"href":"http:\/\/ftf.gdu.edu.az\/index.php?rest_route=\/wp\/v2\/types\/page"}],"author":[{"embeddable":true,"href":"http:\/\/ftf.gdu.edu.az\/index.php?rest_route=\/wp\/v2\/users\/3"}],"replies":[{"embeddable":true,"href":"http:\/\/ftf.gdu.edu.az\/index.php?rest_route=%2Fwp%2Fv2%2Fcomments&post=12754"}],"version-history":[{"count":3,"href":"http:\/\/ftf.gdu.edu.az\/index.php?rest_route=\/wp\/v2\/pages\/12754\/revisions"}],"predecessor-version":[{"id":15347,"href":"http:\/\/ftf.gdu.edu.az\/index.php?rest_route=\/wp\/v2\/pages\/12754\/revisions\/15347"}],"wp:attachment":[{"href":"http:\/\/ftf.gdu.edu.az\/index.php?rest_route=%2Fwp%2Fv2%2Fmedia&parent=12754"}],"curies":[{"name":"wp","href":"https:\/\/api.w.org\/{rel}","templated":true}]}}