{"id":12785,"date":"2024-03-10T22:02:58","date_gmt":"2024-03-10T20:02:58","guid":{"rendered":"http:\/\/ftf.gdu.edu.az\/?page_id=12785"},"modified":"2025-06-02T07:53:19","modified_gmt":"2025-06-02T05:53:19","slug":"s%c9%99f%c9%99rova-anna-elxan-qizi","status":"publish","type":"page","link":"http:\/\/ftf.gdu.edu.az\/?page_id=12785","title":{"rendered":"S\u0259f\u0259rova Anna Elxan q\u0131z\u0131"},"content":{"rendered":"\n<figure class=\"wp-block-image size-full is-resized\"><img loading=\"lazy\" decoding=\"async\" width=\"972\" height=\"1360\" src=\"http:\/\/ftf.gdu.edu.az\/wp-content\/uploads\/2024\/03\/ann.jpg\" alt=\"\" class=\"wp-image-12847\" style=\"width:196px;height:auto\" srcset=\"http:\/\/ftf.gdu.edu.az\/wp-content\/uploads\/2024\/03\/ann.jpg 972w, http:\/\/ftf.gdu.edu.az\/wp-content\/uploads\/2024\/03\/ann-768x1075.jpg 768w\" sizes=\"(max-width: 972px) 100vw, 972px\" \/><\/figure>\n\n\n\n<p><strong>T\u0259sviri \u0130nc\u0259s\u0259n\u0259t kafedras\u0131n\u0131n &nbsp;m\u00fc\u0259llim<\/strong><strong>i<\/strong><\/p>\n\n\n\n<p><strong>Anna&nbsp; Elxan&nbsp; q\u0131z\u0131&nbsp; S\u0259f\u0259rova<\/strong><\/p>\n\n\n\n<p>+994 55 863 42 42<\/p>\n\n\n\n<p>seferlianna1@gmail.com&nbsp;&nbsp;&nbsp;<\/p>\n\n\n\n<p><strong>QISA B\u0130OQRAF\u0130K M\u018fLUMAT&nbsp;<\/strong><\/p>\n\n\n\n<ul class=\"wp-block-list\">\n<li>11 dekabr 1990-c\u0131 ild\u0259 Rusiya Federasiyas\u0131n\u0131n Ulan \u2013 Ude \u015f\u0259h\u0259rind\u0259 anadan olub. Subayd\u0131r.\u00a0 2015-ci ild\u0259n YAP-\u0131n \u00fczv\u00fcd\u00fcr.<\/li>\n<\/ul>\n\n\n\n<p><strong>T\u018fHS\u0130L\u0130, ELM\u0130 D\u018fR\u018fC\u018fS\u0130 V\u018f ELM\u0130 ADLARI<\/strong><\/p>\n\n\n\n<ul class=\"wp-block-list\">\n<li>2009-ci ild\u0259 G\u0259nc\u0259 \u015f\u0259h. A.S\u0259hh\u0259t, 19 sayl\u0131\u00a0 Nekrasov ad\u0131na \u00a0orta m\u0259kt\u0259bini bitirib.<\/li>\n\n\n\n<li>2011-2015-ci ild\u0259 G\u0259nc\u0259 D\u00f6vl\u0259t Universitetinin \u201cT\u0259sviri inc\u0259s\u0259n\u0259t m\u00fc\u0259llimliyi\u201d ixtisas\u0131n\u0131 bitirb.<\/li>\n\n\n\n<li>2016-c\u0131 ild\u0259 Nax\u00e7\u0131van D\u00f6vl\u0259t Universitetinin S\u0259n\u0259t\u015f\u00fcnasl\u0131q fak\u00fclt\u0259sinin \u201cT\u0259sviri inc\u0259s\u0259n\u0259tin tarixi v\u0259 n\u0259z\u0259riyy\u0259si\u201d ixtisas\u0131n magistratura \u015f\u00f6b\u0259sin\u0259 daxil olub.<\/li>\n\n\n\n<li>2018-ci ild\u0259 Magistraturam\u0131 bitirib.<\/li>\n<\/ul>\n\n\n\n<p><strong>\u018fM\u018fK F\u018fAL\u0130YY\u018fT\u0130<\/strong><\/p>\n\n\n\n<ul class=\"wp-block-list\">\n<li>2018-ci ild\u0259 G\u0259nc\u0259 D\u00f6vl\u0259t Universitetind\u0259 T\u0259sviri inc\u0259s\u0259n\u0259t kafedras\u0131nda\u00a0 2 il m\u00fcdd\u0259tind\u0259 saat hesab\u0131 m\u00fc\u0259llim i\u015fl\u0259yib. \u00a0<\/li>\n\n\n\n<li>2020- cil ild\u0259n \u00a0G\u0259nc\u0259 D\u00f6vl\u0259t Universitetinin \u201cT\u0259sviri inc\u0259s\u0259n\u0259t\u201d kafedras\u0131nda m\u00fc\u0259llim i\u015fl\u0259yir<\/li>\n\n\n\n<li>2006-cild\u0259n indiy\u0259d\u0259k \u00a0G\u0259nc\u0259 D\u00f6vl\u0259t Universitetinin \u201cT\u0259sviri inc\u0259s\u0259n\u0259t\u201d kafedras\u0131nda \u00a0m\u00fc\u0259llim<\/li>\n<\/ul>\n\n\n\n<p><strong>BEYN<\/strong><strong>\u018f<\/strong><strong>LXALQ<\/strong><strong> <\/strong><strong>SEM<\/strong><strong>\u0130<\/strong><strong>NAR<\/strong><strong>, <\/strong><strong>S<\/strong><strong>\u0130<\/strong><strong>MPOZ<\/strong><strong>\u0130<\/strong><strong>UM<\/strong><strong> <\/strong><strong>V<\/strong><strong>\u018f <\/strong><strong>KONFRANSLARDA<\/strong><strong> \u0130\u015e<\/strong><strong>T<\/strong><strong>\u0130<\/strong><strong>RAKI<\/strong><\/p>\n\n\n\n<ul class=\"wp-block-list\">\n<li>G\u0259nc\u0259 -2014.\u00a0 Bak\u0131 \u015f\u0259h\u0259rind\u0259 ke\u00e7iril\u0259n\u00a0 \u201cM\u0259n f\u0259xr edir\u0259m ki, az\u0259rbaycanl\u0131yam\u201d adl\u0131 s\u0259rgid\u0259 universiteti t\u0259msil ed\u0259r\u0259k t\u0259ltif edilib<\/li>\n\n\n\n<li>2017- ci il Nax\u00e7\u0131van \u015f\u0259h\u0259ri Magistrl\u0259rin IX regional elmi konfrans\u0131nda f\u0259al i\u015ftirak\u0131na g\u00f6r\u0259 \u201cDiplom\u201d il\u0259\u00a0 t\u0259ltif edilib<\/li>\n\n\n\n<li>2013- c\u00fc ild\u0259\u00a0 \u201cQ\u0131z\u0131l \u0259ll\u0259r\u201d m\u00fcsabiq\u0259sind\u0259 III yer\u00a0 tutdu\u011funa g\u00f6r\u0259 \u201cDiplom\u201d il\u0259 t\u0259ltif edilib. TUM\u0130B -2013- Diplom.<\/li>\n\n\n\n<li><strong>SE\u00c7\u0130LM\u0130\u015e \u018fS\u018fRL\u018fR\u0130<\/strong><\/li>\n<\/ul>\n\n\n\n<ul class=\"wp-block-list\">\n<li>Ali m\u0259kt\u0259bl\u0259rd\u0259 r\u0259ngkarl\u0131q vasit\u0259si il\u0259 (ya\u011fl\u0131 boya) t\u0259dris tap\u015f\u0131r\u0131qlar\u0131n\u0131n yerin\u0259 yetirilm\u0259si yollar\u0131<\/li>\n\n\n\n<li>\u0421\u0435\u0440\u0442\u0438\u0444\u0438\u043a\u0430\u0442 \u2116-20230352. The ways to fulfill educational fasks through painting with oil paint in\u00a0 higher school.<\/li>\n\n\n\n<li>\u0421\u043f\u043e\u0441\u043e\u0431\u044b \u0432\u044b\u043f\u043e\u043b\u043d\u0435\u043d\u0438\u044f\u00a0 \u0443\u0447\u0435\u0431\u043d\u044b\u0445\u00a0 \u0437\u0430\u0434\u0430\u0447 \u0447\u0435\u0440\u0435\u0437 \u0436\u0438\u0432\u043e\u043f\u0438\u0441\u044c \u043c\u0430\u0441\u043b\u044f\u043d\u044b\u043c\u0438 \u043a\u0440\u0430\u0441\u043a\u0430\u043c\u0438 \u0432 \u0432\u0443\u0437\u0435.<\/li>\n<\/ul>\n","protected":false},"excerpt":{"rendered":"<p>T\u0259sviri \u0130nc\u0259s\u0259n\u0259t kafedras\u0131n\u0131n &nbsp;m\u00fc\u0259llimi Anna&nbsp; Elxan&nbsp; q\u0131z\u0131&nbsp; S\u0259f\u0259rova +994 55 863 42 42 seferlianna1@gmail.com&nbsp;&nbsp;&nbsp; QISA B\u0130OQRAF\u0130K M\u018fLUMAT&nbsp; T\u018fHS\u0130L\u0130, ELM\u0130 D\u018fR\u018fC\u018fS\u0130 V\u018f ELM\u0130 ADLARI \u018fM\u018fK F\u018fAL\u0130YY\u018fT\u0130 BEYN\u018fLXALQ SEM\u0130NAR, S\u0130MPOZ\u0130UM V\u018f KONFRANSLARDA \u0130\u015eT\u0130RAKI<\/p>\n","protected":false},"author":3,"featured_media":0,"parent":0,"menu_order":0,"comment_status":"closed","ping_status":"closed","template":"","meta":{"footnotes":""},"class_list":["post-12785","page","type-page","status-publish","hentry"],"_links":{"self":[{"href":"http:\/\/ftf.gdu.edu.az\/index.php?rest_route=\/wp\/v2\/pages\/12785"}],"collection":[{"href":"http:\/\/ftf.gdu.edu.az\/index.php?rest_route=\/wp\/v2\/pages"}],"about":[{"href":"http:\/\/ftf.gdu.edu.az\/index.php?rest_route=\/wp\/v2\/types\/page"}],"author":[{"embeddable":true,"href":"http:\/\/ftf.gdu.edu.az\/index.php?rest_route=\/wp\/v2\/users\/3"}],"replies":[{"embeddable":true,"href":"http:\/\/ftf.gdu.edu.az\/index.php?rest_route=%2Fwp%2Fv2%2Fcomments&post=12785"}],"version-history":[{"count":3,"href":"http:\/\/ftf.gdu.edu.az\/index.php?rest_route=\/wp\/v2\/pages\/12785\/revisions"}],"predecessor-version":[{"id":15358,"href":"http:\/\/ftf.gdu.edu.az\/index.php?rest_route=\/wp\/v2\/pages\/12785\/revisions\/15358"}],"wp:attachment":[{"href":"http:\/\/ftf.gdu.edu.az\/index.php?rest_route=%2Fwp%2Fv2%2Fmedia&parent=12785"}],"curies":[{"name":"wp","href":"https:\/\/api.w.org\/{rel}","templated":true}]}}

Səfərova Anna Elxan qızı

<figure class="wp-block-image size-full is-resized"><img loading="lazy" decoding="async" width="972" height="1360" src="http://ftf.gdu.edu.az/wp-content/uploads/2024/03/ann.jpg" alt="" class="wp-image-12847" style="width:196px;height:auto" srcset="http://ftf.gdu.edu.az/wp-content/uploads/2024/03/ann.jpg 972w, http://ftf.gdu.edu.az/wp-content/uploads/2024/03/ann-768x1075.jpg 768w" sizes="(max-width: 972px) 100vw, 972px" /></figure>



<p><strong>Təsviri İncəsənət kafedrasının &nbsp;müəllim</strong><strong>i</strong></p>



<p><strong>Anna&nbsp; Elxan&nbsp; qızı&nbsp; Səfərova</strong></p>



<p>+994 55 863 42 42</p>



<p>seferlianna1@gmail.com&nbsp;&nbsp;&nbsp;</p>



<p><strong>QISA BİOQRAFİK MƏLUMAT&nbsp;</strong></p>



<ul class="wp-block-list">
<li>11 dekabr 1990-cı ildə Rusiya Federasiyasının Ulan – Ude şəhərində anadan olub. Subaydır.  2015-ci ildən YAP-ın üzvüdür.</li>
</ul>



<p><strong>TƏHSİLİ, ELMİ DƏRƏCƏSİ VƏ ELMİ ADLARI</strong></p>



<ul class="wp-block-list">
<li>2009-ci ildə Gəncə şəh. A.Səhhət, 19 saylı  Nekrasov adına  orta məktəbini bitirib.</li>



<li>2011-2015-ci ildə Gəncə Dövlət Universitetinin “Təsviri incəsənət müəllimliyi” ixtisasını bitirb.</li>



<li>2016-cı ildə Naxçıvan Dövlət Universitetinin Sənətşünaslıq fakültəsinin “Təsviri incəsənətin tarixi və nəzəriyyəsi” ixtisasın magistratura şöbəsinə daxil olub.</li>



<li>2018-ci ildə Magistraturamı bitirib.</li>
</ul>



<p><strong>ƏMƏK FƏALİYYƏTİ</strong></p>



<ul class="wp-block-list">
<li>2018-ci ildə Gəncə Dövlət Universitetində Təsviri incəsənət kafedrasında  2 il müddətində saat hesabı müəllim işləyib.  </li>



<li>2020- cil ildən  Gəncə Dövlət Universitetinin “Təsviri incəsənət” kafedrasında müəllim işləyir</li>



<li>2006-cildən indiyədək  Gəncə Dövlət Universitetinin “Təsviri incəsənət” kafedrasında  müəllim</li>
</ul>



<p><strong>BEYN</strong><strong>Ə</strong><strong>LXALQ</strong><strong> </strong><strong>SEM</strong><strong>İ</strong><strong>NAR</strong><strong>, </strong><strong>S</strong><strong>İ</strong><strong>MPOZ</strong><strong>İ</strong><strong>UM</strong><strong> </strong><strong>V</strong><strong>Ə </strong><strong>KONFRANSLARDA</strong><strong> İŞ</strong><strong>T</strong><strong>İ</strong><strong>RAKI</strong></p>



<ul class="wp-block-list">
<li>Gəncə -2014.  Bakı şəhərində keçirilən  “Mən fəxr edirəm ki, azərbaycanlıyam” adlı sərgidə universiteti təmsil edərək təltif edilib</li>



<li>2017- ci il Naxçıvan şəhəri Magistrlərin IX regional elmi konfransında fəal iştirakına görə “Diplom” ilə  təltif edilib</li>



<li>2013- cü ildə  “Qızıl əllər” müsabiqəsində III yer  tutduğuna görə “Diplom” ilə təltif edilib. TUMİB -2013- Diplom.</li>



<li><strong>SEÇİLMİŞ ƏSƏRLƏRİ</strong></li>
</ul>



<ul class="wp-block-list">
<li>Ali məktəblərdə rəngkarlıq vasitəsi ilə (yağlı boya) tədris tapşırıqlarının yerinə yetirilməsi yolları</li>



<li>Сертификат №-20230352. The ways to fulfill educational fasks through painting with oil paint in  higher school.</li>



<li>Способы выполнения  учебных  задач через живопись масляными красками в вузе.</li>
</ul>

<p>Təsviri İncəsənət kafedrasının &nbsp;müəllimi Anna&nbsp; Elxan&nbsp; qızı&nbsp; Səfərova +994 55 863 42 42 seferlianna1@gmail.com&nbsp;&nbsp;&nbsp; QISA BİOQRAFİK MƏLUMAT&nbsp; TƏHSİLİ, ELMİ DƏRƏCƏSİ VƏ ELMİ ADLARI ƏMƏK FƏALİYYƏTİ BEYNƏLXALQ SEMİNAR, SİMPOZİUM VƏ KONFRANSLARDA İŞTİRAKI</p>
