{"id":248,"date":"2016-04-08T13:40:39","date_gmt":"2016-04-08T11:40:39","guid":{"rendered":"http:\/\/ftf.gdu.edu.az\/?page_id=248"},"modified":"2024-02-01T21:44:26","modified_gmt":"2024-02-01T19:44:26","slug":"fakult%c9%99-haqqinda","status":"publish","type":"page","link":"https:\/\/ftf.gdu.edu.az\/?page_id=248","title":{"rendered":"Fak\u00fclt\u0259 haqq\u0131nda"},"content":{"rendered":"<p><center>[metaslider id=573]<\/center><br \/>\n<strong>Fizika v\u0259 texniki f\u0259nl\u0259r fak\u00fclt\u0259si 1990-c\u0131 ild\u0259 yarad\u0131lm\u0131\u015fd\u0131r. Fak\u00fclt\u0259d\u0259 3 ixtisas kafedras\u0131 f\u0259aliyy\u0259t g\u00f6st\u0259rir:<\/strong><\/p>\n<p><strong>Fizika,\u00a0 \u00dcmumi texniki f\u0259nl\u0259r v\u0259 texnologiya, T\u0259sviri inc\u0259s\u0259n\u0259t.<\/strong><\/p>\n<p><strong>Fizika v\u0259 texniki f\u0259nl\u0259r fak\u00fclt\u0259sinin m\u00fcasir t\u0259l\u0259bl\u0259r\u0259 cavab ver\u0259n\u00a0 d\u0259rs otaqlar\u0131 vard\u0131r.<\/strong><\/p>\n<p>Burada t\u0259dris\u0259 aid \u00a0h\u0259r g\u00fcn\u00a0 professor &#8211; m\u00fc\u0259llim hey\u0259tinin\u00a0 d\u0259rsl\u0259ri\u00a0 \u00a0t\u0259\u015fkil olunur. Fak\u00fclt\u0259nin t\u0259dris otaqlar\u0131nda m\u00fcasir elmi texniki t\u0259r\u0259qqinin t\u0259l\u0259bl\u0259rin\u0259 cavab ver\u0259n\u00a0 d\u0259rsl\u0259r ke\u00e7irilir. Fak\u00fclt\u0259nin \u00a0elmi t\u0259dqiqat laboratoriyalar\u0131 vard\u0131r.<\/p>\n<p><strong>Fizika kafedras\u0131na aid olan laboratoriyalar, kafedra m\u00fcdiri dos.Yahya Binn\u0259t o\u011flu Namazov<\/strong><\/p>\n<ol>\n<li>Elektrik v\u0259 maqnetizm laboratoriyas\u0131<\/li>\n<li>Optik v\u0259 atom fizikas\u0131 laboratoriyas\u0131<\/li>\n<li>Fizikan\u0131n t\u0259drisi metodikas\u0131 laboratoriyas\u0131<\/li>\n<li>Mexanika v\u0259 molekulyar fizika laboratoriyas\u0131<\/li>\n<li>Elmi t\u0259dqiqat laboratoriyas\u0131<\/li>\n<li>Yar\u0131mke\u00e7irici cihazlar v\u0259 nanotexnologiyalar laboratoriyas\u0131<\/li>\n<li>Elektrotexnika v\u0259 radiotexnika laboratoriyas\u0131<\/li>\n<li>\u0130stilik v\u0259 bioloji sisteml\u0259r fizikas\u0131 laboratoriyas\u0131<\/li>\n<li>Qeyri ixtisaslar \u00fc\u00e7\u00fcn \u00fcmumi fizika laboratoriyas\u0131<\/li>\n<li>Astronomiya<\/li>\n<\/ol>\n<p><strong>\u00dcTF v<\/strong><strong>\u0259<\/strong><strong> texnologiya kafedras\u0131na aid olan laboratoriyalar, kafedra m\u00fcdiri dos.El\u00e7in M\u0259h\u0259mm\u0259d o\u011flu Cavadov<\/strong><\/p>\n<ol>\n<li>Avtomatika v\u0259 t\u0259limd\u0259 texniki vasit\u0259l\u0259r laboratoriyas\u0131<\/li>\n<li>Avtomobil v\u0259 k\u0259nd t\u0259s\u0259rr\u00fcfat\u0131 texnologiyalar\u0131 laboratoriyas\u0131<\/li>\n<li>Tiki\u015f v\u0259 y\u00fcng\u00fcl s\u0259naye texnologiyalar\u0131 laboratoriyas\u0131<\/li>\n<li>Ma\u015f\u0131n v\u0259 mexanizml\u0259r, istilik texnikas\u0131 laboratoriyas\u0131<\/li>\n<li>Avtomatika v\u0259 elektrik \u00f6l\u00e7m\u0259l\u0259ri<\/li>\n<\/ol>\n<p><strong>T\u0259sviri inc\u0259s\u0259n\u0259t kafedras\u0131na aid olan laboratoriyalar, kafedra m\u00fcdiri prof. M\u0259rdan M\u00fcrs\u0259l o\u011flu M\u0259mm\u0259dov.<\/strong><\/p>\n<ol>\n<li>M\u0259kt\u0259b b\u0259dii t\u0259rtibat\u0131 v\u0259 heyk\u0259lt\u0259ra\u015fl\u0131q<\/li>\n<li>R\u0259sm v\u0259 boyakarl\u0131q laboratoriyalar\u0131<\/li>\n<li>T\u0259rsimi h\u0259nd\u0259s\u0259 v\u0259 r\u0259smx\u0259tt kabin\u0259si<\/li>\n<\/ol>\n","protected":false},"excerpt":{"rendered":"<p>[metaslider id=573] Fizika v\u0259 texniki f\u0259nl\u0259r fak\u00fclt\u0259si 1990-c\u0131 ild\u0259 yarad\u0131lm\u0131\u015fd\u0131r. Fak\u00fclt\u0259d\u0259 3 ixtisas kafedras\u0131 f\u0259aliyy\u0259t g\u00f6st\u0259rir: Fizika,\u00a0 \u00dcmumi texniki f\u0259nl\u0259r v\u0259 texnologiya, T\u0259sviri inc\u0259s\u0259n\u0259t. Fizika v\u0259 texniki f\u0259nl\u0259r fak\u00fclt\u0259sinin m\u00fcasir t\u0259l\u0259bl\u0259r\u0259 cavab ver\u0259n\u00a0 d\u0259rs otaqlar\u0131 vard\u0131r. Burada t\u0259dris\u0259 aid \u00a0h\u0259r g\u00fcn\u00a0 professor &#8211; m\u00fc\u0259llim hey\u0259tinin\u00a0 d\u0259rsl\u0259ri\u00a0 \u00a0t\u0259\u015fkil olunur. Fak\u00fclt\u0259nin t\u0259dris otaqlar\u0131nda m\u00fcasir elmi texniki t\u0259r\u0259qqinin<\/p>\n<p><a href=\"https:\/\/ftf.gdu.edu.az\/?page_id=248\" class=\"more-link themebutton\">Daha \u0259trafl\u0131 <\/a><\/p>\n","protected":false},"author":3,"featured_media":0,"parent":0,"menu_order":0,"comment_status":"closed","ping_status":"closed","template":"","meta":{"footnotes":""},"class_list":["post-248","page","type-page","status-publish","hentry"],"_links":{"self":[{"href":"https:\/\/ftf.gdu.edu.az\/index.php?rest_route=\/wp\/v2\/pages\/248"}],"collection":[{"href":"https:\/\/ftf.gdu.edu.az\/index.php?rest_route=\/wp\/v2\/pages"}],"about":[{"href":"https:\/\/ftf.gdu.edu.az\/index.php?rest_route=\/wp\/v2\/types\/page"}],"author":[{"embeddable":true,"href":"https:\/\/ftf.gdu.edu.az\/index.php?rest_route=\/wp\/v2\/users\/3"}],"replies":[{"embeddable":true,"href":"https:\/\/ftf.gdu.edu.az\/index.php?rest_route=%2Fwp%2Fv2%2Fcomments&post=248"}],"version-history":[{"count":10,"href":"https:\/\/ftf.gdu.edu.az\/index.php?rest_route=\/wp\/v2\/pages\/248\/revisions"}],"predecessor-version":[{"id":12066,"href":"https:\/\/ftf.gdu.edu.az\/index.php?rest_route=\/wp\/v2\/pages\/248\/revisions\/12066"}],"wp:attachment":[{"href":"https:\/\/ftf.gdu.edu.az\/index.php?rest_route=%2Fwp%2Fv2%2Fmedia&parent=248"}],"curies":[{"name":"wp","href":"https:\/\/api.w.org\/{rel}","templated":true}]}}